at is 3 + (1 - 2 - -3) + -1?
4
Evaluate 2 + (2 - 5) + -2 - -3.
0
What is -25 + 31 - (3 + 0)?
3
Calculate -14 + 7 - -6 - 6.
-7
What is the value of (-166 - -167) + (-1 - -2)?
2
-30 - -28 - (3 + -10)
5
What is the value of 4 + -7 + -3 - 0?
-6
12 - (5 + -3 - -4)
6
Evaluate 1 + (-7 - -12) + -3.
3
Evaluate 1 - (-3 + (8 - (7 - 2))).
1
Evaluate 5 + 3 + -6 + -1 - 5.
-4
What is the value of (-15 - -11) + 4 + -5 + -4?
-9
What is the value of 3 + (-2 + 2 - (24 + -18))?
-3
Evaluate (-2 - (4 - 4)) + 4.
2
-3 + (-14 - (-20 + 12))
-9
-2 - ((3 - 5) + 1)
-1
Calculate 9 + -16 - -20 - 22.
-9
Calculate -7 - (-10 - -7 - -4) - 0.
-8
Evaluate -6 - -8 - (-6 - -3).
5
What is -5 - (4 - (9 - 2))?
-2
Evaluate 5 - 3 - (-4 - -2) - 2.
2
What is the value of 11 + 0 + -5 + -3?
3
What is the value of (2 - -4) + 4 + (-8 - -7)?
9
What is the value of (-2 - 4) + (-1 - (-5 + 1))?
-3
What is the value of -5 + (19 - 10) + 4?
8
What is the value of 1 + (1 - 11) + 2?
-7
What is the value of (0 - 4) + 4 - (-13 - -7)?
6
Evaluate 2 - (-9 + (10 - -2)).
-1
What is the value of 0 + 4 - (2 + 1 - 6)?
7
What is the value of -12 - (0 - (-1 + 8))?
-5
10 + (1 - 15 - -9)
5
What is the value of 1 + -1 + -4 + 2?
-2
Calculate (0 - (0 - 4 - -7)) + 8.
5
(5 - (-1 - -5)) + 0 + 3
4
Evaluate 1 - (5 + -4) - 3.
-3
3 + (-2 - 0) + 13 + -9
5
What is 2 + 3 - (1 + 2)?
2
Evaluate 1 - (-1 - (0 - -3)).
5
Evaluate (-1 - 5 - (-21 - -9)) + 0.
6
What is the value of -2 + (-3 - -3) - -1 - 2?
-3
What is (1 - (-2 + 0)) + 1 + 1?
5
What is -1 - (-3 - (2 + -3))?
1
What is -5 + (4 + -5 - (-6 - 3))?
3
Calculate 4 + -10 - 2 - -13.
5
What is 4 + 4 + -7 + 4?
5
Calculate 7 + -5 + (1 - 7).
-4
Evaluate (3 - 7 - -7) + -1 + 0.
2
2 + 2 + -6 + 4
2
Calculate (4 + -3 - -5) + -8.
-2
Calculate 8 + (-4 - (-1 + (2 - 2))).
5
Evaluate 1 + -2 - (3 - -1).
-5
What is (-6 - -8) + 1 + 0?
3
(-2 - -3) + -2 + 6
5
What is the value of 1 - (-14 - (-9 + 0))?
6
Calculate (-3 - -1) + 26 + -18.
6
What is the value of (2 - 10) + 9 + (-1 - 0)?
0
Calculate 2 + -2 + 7 + -2.
5
What is -6 - ((-3 - 0) + -41 + 44)?
-6
What is 4 - (0 + -3 - -5)?
2
Calculate 1 + (0 - -3) + 1.
5
What is 14 - (3 + -10 - -15)?
6
Calculate -2 - (-2 + 0 + 1).
-1
Calculate -13 - (7 + -14) - -1 - -6.
1
10 + (-4 - -2 - 2) + -2
4
Evaluate 6 - (0 + 3 + 0).
3
What is the value of -78 + 86 - (-1 + 15)?
-6
Calculate -2 + 3 + -7 + 4 + -2.
-4
-5 + 3 + -4 + 5
-1
-10 - (-4 + -1 - (13 - 13))
-5
6 + -5 + -5 + 0 + -5
-9
What is -4 + 0 + 0 + 6 + -2?
0
Calculate -2 + (1 - (-1 - -4 - 0)).
-4
What is -3 + 5 - 2 - -2?
2
Calculate -5 - -1 - (7 + (5 - 11)).
-5
Calculate -3 + 2 + -3 + 6.
2
Evaluate -4 + 1 + -2 + 6.
1
What is 10 + (-4 - -10 - 11)?
5
3 + (2 - -1 - 6 - -5)
5
Evaluate -2 - (0 - (5 - 3 - -6)).
6
-5 + -5 + 9 + 5
4
Evaluate -9 + 11 - (4 + 0 - 2).
0
-15 - (-24 - -4) - (3 + 1)
1
What is -6 - (2 + -5 + -2)?
-1
What is the value of (-3 - 0) + -6 + 11 + 4?
6
Calculate (-13 - 0) + 13 + (6 - 0).
6
Calculate (6 - 7) + -1 + 7.
5
1 + 1 + -4 + 8 + 1
7
What is the value of -6 + 2 + 3 + (-2 - 2)?
-5
Evaluate 6 - ((-1 - 3) + 7).
3
What is the value of (3 - 7) + 5 - (0 - 5)?
6
1 + (2 - -2 - 8 - -2)
-1
8 + (7 - 2) + -7 - 1
5
(9 - 1) + -24 + 20
4
(8 - 8) + -1 - (-3 - 1)
3
(-3 - (4 - 8) - -7) + -2
6
What is -1 + 8 - (16 - 15)?
6
-2 - 1 - (2 - (5 - -1))
1
What is (-11 - -14) + -11 + 3?
-5
Evaluate (1 - 6) + 6 + (2 - -4).
7
Evaluate (-1 - 1) + 4 - 5.
-3
What is the value of 3 + -5 + -5 - -2?
-5
Calculate 1 + (-5 - 2 - -13).
7
Evaluate 6 + -12 - (1 - (1 - -4)).
-2
What is 3 + (-4 - (-12 + 6))?
5
Calculate (0 - -3) + -1 + 4 + -1.
5
What is 8 + 6 + (-12 - -2)?
4
Calculate 3 - 0 - (14 - 14).
3
Calculate 5 + -10 - 3 - (1 + -4).
-5
Evaluate -20 - -5 - -12 - (-1 + -1).
-1
(0 - 4 - -4) + 0 + 1
1
What is 4 - (-4 + -1 - -9)?
0
Calculate 3 - (4 - (-6 - -6) - -3).
-4
(-6 - (-6 - -11)) + 9
-2
-4 - (-3 - (-5 - -4))
-2
Evaluate (2 - (0 + -5)) + -4.
3
8 + -6 - (1 - 1 - -2)
0
Evaluate 9 + -4 - (10 - (-2 - -2)).
-5
Evaluate -3 + (-13 - -17) + -10.
-9
What is (-7 - 1) + 7 + -7?
-8
Evaluate -3 + -3 + -1 + 9.
2
What is (5 - (-5 - -9)) + -6 - 1?
-6
Evaluate -8 + -3 - -21 - 8.
2
What is the value of (3 + -1 - 4) + 6?
4
-1 + (3 + -2 - 6) + 11
5
What is the value of 0 + -1 + -6 + 10 + -6?
-3
What is the value of 6 + (0 - 0 - 9) + -1?
-4
What is -4 + 3 + 0 - -1?
0
What is the value of -4 + 4 + -8 + -1?
-9
2 + -2 + -13 + 10
-3
What is the value of (-2 - -4) + (1 - (-3 + 3))?
3
What is the value of 2 + -2 + 1 + -2 + -1?
-2
Evaluate 18 - 9 - (4 + -2).
7
What is 11 - (-2 - (2 - (-5 + 9)))?
11
What is the value of (-1 - 0) + 5 + 0?
4
What is 0 + (8 - 7) + -3?
-2
Calculate -4 + (2 - 2) + 5.
1
2 - ((-2 - -4) + -3 - -3)
0
What is the value of 2 + 2 - (32 - 25)?
-3
What is -1 + -4 + 6 + (-1 - 3)?
-3
Evaluate (-2 - 0) + -1 + 6 + -4.
-1
Evaluate (3 - 2) + 5 + -9 + 3.
0
2 - (-5 + 4 - -7) - -9
5
(-37 - -32) + (4 - -2)
1
What is 6 + -14 + 2 + 2?
-4
What is 6 - (-7 + (8 - (4 + -3)))?
6
Calculate 7 + (-6 - -3 - 7).
-3
Evaluate -12 + (13 - 6) - 0.
-5
What is (2 + -1 - (6 - 6)) + 3?
4
What is -6 + (-4 + 2 - -2 - -5)?
-1
5 + -15 - (-5 - 0)
-5
-5 - (-5 + 2) - (1 - -2)
-5
0 + 6 - (10 - 5)
1
Evaluate 2 - -8 - 15 - -1.
-4
What is the value of -1 + -5 + 88 + -88 + 6?
0
Calculate 5 + 7 + -11 + 3 + -11.
-7
Calculate 2 + -5 + (-4 - -2) - 0.
-5
Evaluate 1 + -4 + (-3 + 2 - -3).
-1
Calculate 4 + (3 - 5 - 1) + 2.
3
What is the value of 5 + (-17 + 2 - -8)?
-2
Evaluate 4 + 0 - (-8 + 7 - -4).
1
What is -7 - (6 + -15) - 0?
2
What is the value of -8 + 16 + -2 + -12?
-6
3 + -9 + 11 + 2
7
What is the value of 8 + -4 + -4 + 8?
8
Evaluate (-1 - -1) + (-4 - (-2 - -1)).
-3
-2 + 0 + (1 - -3 - 1)
1
Evaluate (0 - 5) + 6 - 6.
-5
Calculate 3 + -5 - (0 - 1).
-1
What is the value of -2 + 0 + 14 + (-6 - 13)?
-7
-1 + 9 + -7 - (5 - 1)
-3
Evaluate -2 - (4 - 2) - (37 - 41).
0
Calculate (-2 - 1) + 0 + 1 + -3.
-5
Calculate 1 - ((-5 - 6) + 13).
-1
What is 2 + (2 - 0) + -8 + 5?
1
Calculate (-1 - (1 - 3)) + 3 - 3.
1
Calculate -11 - (3 - (3 - -9)).
-2
Calculate 0 + 1 + 4 - (4 + 0).
1
-6 - -2 - (2 + -12 + 9)
-3
-8 - (3 - (7 + -1))
-5
Calculate (-10 - (-3 + -3) - -7) + 0.
3
Calculate 17 + -14 - (6 - -2).
-5
Calculate -1 + 0 + 0 + 0.
-1
What is 10 - 3 - (-1 + 2 + 3)?
3
What is the value of (3 - (2 + -5)) + 4 + -7?
3
What is 5 + 5 + -5 - (-2 - -3)?
4
What is (3 - 3) + -10 + 6?
-4
What is the value of -2 - (-7 + 3) - (4 - 0)?
-2
6 - ((-3 - (-6 + 4)) + 3)
4
9 + (-5 - -4) - 9
-1
Evaluate -9 + (-1 - 1) - -4 - -5.
-2
What is -8 - -7 - (3 - -1 - -1)?
-6
-3 + (-8 - -11) - 2
-2
Evaluate 4 + -4 - -2 - 1.
1
3 + (2 + 2 - 7)
0
Calculate 0 - ((3 - -4) + -3).
-4
What is 7 - (2 + 2 + 5 - 4)?
2
What is 1 + (2 - (1 + 1)) - -3?
4
What is 0 + (1 + -5 - -1) + 3?
0
Evaluate -2 + 1 + (-17 - -13).
-5
3 - ((5 - 4) + 1) - 3
-2
Evaluate 1 - (0 + -3) - 3.
1
5 + -2 - (-11 - (-13 - 1))
0
Calculate 10 - (-1 + -4 - (-8 + 1)).
8
Calculate 1 + -3 + (8 - 6).
0
3 + -5 + 0 - (-6 - -3)
1
What is -1 + 2 - (7 - 1)?
-5
Evaluate (-5 - (-7 + 5)) + 1 - 3.
-5
What is (-3 - -7) + (-2 - 3)?
-1
3 - (-3 + 14 + -4)
-4
2 - (2 - -1) - (-13 + 7)
5
Evaluate -5 + 6 + 9 + -3 - 2.
5
(2 - 2) + (-1 - -2) + -5
-4
-2 + 5 + (-2 - -3)
4
What is the value of -5 + 2 - (-3 - (3 - 5))?
-2
What is the value of (-15 - -14) + (1 - -5) + -8?
-3
3 - (3 - 2) - 2
0
What is 3 + -14 + 23 - 4?
8
Evaluate (-3 + -2 - 0) + -22 + 29.
2
What is -2 + (0 - 9) + 20?
9
What is 1 - 1 - (5 + -7 - 3)?
5
Calculate 5 + 5 + -5 - 7.
-2
Evaluate -2 + (4 - 8) + (24 - 9).
9
Evaluate 2 + -5 + 1 + -2 - -2.
-2
Calculate (0 - 2) + 11 + (166 - 165).
10
What is (-16 - -4) + 10 - (0 + -5)?
3
Calculate 0 + 10 - (-13 - -16).
7
Calculate 10 + -6 + 5 - 5.
4
Calculate -5 - (-30 + -15 + 29).
11
0 - -1 - (1 + 0 + -4)
4
1 - (-14 + 8 + -1 + 5)
3
Evaluate 13 + -3 + -7 + (-3 - -3).
3
Calculate -11 - -10 - (-1 + -4).
4
What is 5 + -6 + 2 + -8?
-7
-2 + -4 + 12 - 0 - 13
-7
Evaluate -7 - -2 - (-11 - (-4 - -2)).
4
(7 + -8 - 0) + -4
-5
Evaluate 1 + (-3 - -4) + 3.
5
What is -1 + 0 - (-13 - -13)?
-1
What is the value of -5 - (-4 + 8 + -6)?
-3
Calculate 6 + -1 + (6 - 5) + -5.
1
Calculate -4 - 1 - (-7 - (4 - 7)).
-1
Calculate (2 - 3 - (-15 + 6)) + -3.
5
Calculate 7 - (12 - 7) - (-1 - -5).
-2
(-5 + -1 - -1) + 4 - 3
-4
Calculate 2 - 0 - (10 + -6 - 8).
6
What is (-30 - -34 - (-1 + 1)) + -7?
-3
What is the value of 2 - (0 - (-3 - (